01110010101010110010
In base 7, what is -333234 - -12063?
-321141
In base 10, what is 92541426 - -4?
92541430
In base 16, what is 758dcc + -8?
758dc4
In base 11, what is 128a - 248754?
-247475
In base 10, what is -90531927 - -6?
-90531921
In base 14, what is -5 - 11213d?
-112144
In base 2, what is 1 - 10010000100100011100000000?
-10010000100100011011111111
In base 10, what is -3 + -171353191?
-171353194
In base 12, what is -4459b2 + -40?
-445a32
In base 6, what is 132141444 - 0?
132141444
In base 3, what is 122012101 + -220102100?
-21012222
In base 16, what is 33f + 5fc?
93b
In base 7, what is 126154 + 15550?
145034
In base 15, what is -119 - -288e?
2775
In base 6, what is -2 - 224423522?
-224423524
In base 6, what is 22401531310 + 0?
22401531310
In base 8, what is 135311 + -42254?
73035
In base 11, what is 526 - -4507?
4a32
In base 11, what is 30395637 + 3?
3039563a
In base 6, what is -2115 - -1335101?
1332542
In base 7, what is -24315525 - 3?
-24315531
In base 10, what is -13426 - -3559?
-9867
In base 11, what is 20 + -2a88a46?
-2a88a26
In base 9, what is 104715 + 120?
104835
In base 10, what is -42 + -7810643?
-7810685
In base 10, what is -1159 - -464958?
463799
In base 13, what is -81 + -20c42?
-20cc3
In base 11, what is -103180 - 2a5?
-103475
In base 6, what is 101412102 + 0?
101412102
In base 3, what is 10122101012 - 1210?
10122022102
In base 5, what is -10234402 + -13332?
-10303234
In base 6, what is 3200320 + 200?
3200520
In base 11, what is 3815838 - 1?
3815837
In base 11, what is 2 - 3093324?
-3093322
In base 16, what is -db57d - a?
-db587
In base 16, what is -eb - -95d83?
95c98
In base 11, what is -2a - -46784?
46755
In base 5, what is -1142 + -22432110?
-22433302
In base 4, what is -10321000 - -211203?
-10103131
In base 5, what is 12213 + -14103330?
-14041112
In base 4, what is 3 - 1330133330221?
-1330133330212
In base 10, what is 1429480 - 18?
1429462
In base 3, what is 100 - 11021122210201?
-11021122210101
In base 14, what is -32a0 + -32c?
-35cc
In base 15, what is -334c + -390?
-36dc
In base 4, what is 10311322 + -11332?
10233330
In base 2, what is -10101111110111 + -101111100?
-10110101110011
In base 14, what is 380a5a - 11?
380a49
In base 7, what is -2222132105 - -1?
-2222132104
In base 6, what is 42430201 + 1001?
42431202
In base 4, what is -10001 - -11200203033?
11200133032
In base 16, what is b5fa4 - -570?
b6514
In base 13, what is -527a + 834?
-4746
In base 16, what is -4 - -1fde1a?
1fde16
In base 15, what is -6 - 12e3a2?
-12e3a8
In base 11, what is -62 + -372a04?
-372a66
In base 10, what is -52963 - -5338?
-47625
In base 14, what is -73 + -1c2a?
-1c9d
In base 4, what is -2301 - -20003110?
20000203
In base 14, what is -209c + 4b8?
-19c4
In base 9, what is 5 + -200481720?
-200481714
In base 13, what is -b - -2217390?
2217382
In base 6, what is -35 + 420505435?
420505400
In base 4, what is -20000022 - -32100?
-13301322
In base 13, what is a0161 - 57?
a0107
In base 13, what is -4 + -b294aa?
-b294b1
In base 6, what is -2020351341 - -3?
-2020351334
In base 9, what is -1456538 - 1202?
-1457741
In base 12, what is -159a - -2a74a?
29170
In base 12, what is -76 + -2422b80?
-2423036
In base 12, what is -163684 + 27?
-163659
In base 16, what is 583d22c + 2?
583d22e
In base 3, what is -1012211221021121 + -21?
-1012211221021212
In base 15, what is -90 + 17be5?
17b55
In base 7, what is -16056 + -164435?
-213524
In base 8, what is -2 + -1240142?
-1240144
In base 13, what is -7 - 381093?
-38109a
In base 3, what is 1121221112221110 + -2?
1121221112221101
In base 13, what is -268362c - -35?
-26835c7
In base 3, what is 210110222 + 101221?
210212220
In base 3, what is 2121 - -11010102120?
11010112011
In base 6, what is -1 - -1213343351?
1213343350
In base 5, what is 3 - 42001142242?
-42001142234
In base 12, what is -25178 - 148a?
-26646
In base 5, what is 4330132043 + -4?
4330132034
In base 2, what is 100 + -1001000101010110110111?
-1001000101010110110011
In base 14, what is -456a + -309?
-4875
In base 11, what is 13a - 2077294?
-2077155
In base 6, what is -10350 + 22121?
11331
In base 3, what is 1121201120211101 + -12?
1121201120211012
In base 7, what is -11022 - 34153?
-45205
In base 12, what is 5 + -6ba58a48?
-6ba58a43
In base 12, what is 1 + -601814?
-601813
In base 9, what is -21 + -6451340?
-6451361
In base 6, what is 100350 - -1253?
102043
In base 16, what is 4 - -be34f?
be353
In base 12, what is 518 - -b6bb4?
b7510
In base 12, what is 13b516 + 191?
13b6a7
In base 7, what is 3 - -624056253?
624056256
In base 11, what is 56103a + -269?
560881
In base 5, what is -102343024 - -2430?
-102340044
In base 3, what is -2110122121 + 2022022?
-2101100022
In base 5, what is -40144342334 - -11?
-40144342323
In base 11, what is 553972 - -99?
553a60
In base 2, what is 10001000110 - -10010001111001?
10100010111111
In base 8, what is -2 - -154602135?
154602133
In base 7, what is -210306 - 20065?
-230404
In base 9, what is 137 + -54356?
-54218
In base 10, what is 5 + 94221239?
94221244
In base 5, what is 212143142 - 11?
212143131
In base 3, what is 20012111101212 + 120202?
20012111222121
In base 11, what is -46 - -75a0?
7555
In base 14, what is -17c - -5d50?
5bb2
In base 16, what is f01 + 1d76?
2c77
In base 2, what is -1101011000001011110000 - -100?
-1101011000001011101100
In base 11, what is 4068 - -10812?
1487a
In base 8, what is 307271256 + 3?
307271261
In base 6, what is 21552 - -153125?
215121
In base 13, what is 18667b2 - -2?
18667b4
In base 14, what is -2 + 12d42715?
12d42713
In base 7, what is -5 + -35432400?
-35432405
In base 15, what is 5 - -6e950c?
6e9512
In base 16, what is -1d93 - -409f?
230c
In base 7, what is 5161 + -20644?
-12453
In base 6, what is -124021 + 2314?
-121303
In base 15, what is 32d30 + 22?
32d52
In base 2, what is -110000 - -11000100111110011001110?
11000100111110010011110
In base 16, what is -3 + -cc924d2?
-cc924d5
In base 10, what is 46349093 - -19?
46349112
In base 7, what is 231 + 6330?
6561
In base 15, what is -2 - 27ed74?
-27ed76
In base 8, what is -104450 - -471?
-103757
In base 6, what is -25451 - -4305?
-21142
In base 12, what is -96009b - -28?
-960073
In base 8, what is 3777 + -50472?
-44473
In base 9, what is -4551235 - -11?
-4551224
In base 5, what is 41 + 302244000?
302244041
In base 12, what is -6505a - -50?
-6500a
In base 6, what is -134 - -323520?
323342
In base 2, what is -10011000111000 - 101001100100111?
-111100101011111
In base 4, what is -133321030113 + -1223?
-133321032002
In base 4, what is 13033101 + 12023?
13111130
In base 8, what is 7 + 16565241?
16565250
In base 2, what is 11010000111111 - 1001111100011010?
-110101011011011
In base 8, what is 656034735 - 0?
656034735
In base 12, what is 1129 - -17277?
183a4
In base 16, what is afcc5 - 2?
afcc3
In base 7, what is 1206604 - 1034?
1205540
In base 13, what is 6025465 - -3?
6025468
In base 13, what is 974 + -4544c?
-447a8
In base 16, what is 3666 - -29f?
3905
In base 11, what is -4 + 54a25784?
54a25780
In base 13, what is -1005b + 24?
-10037
In base 16, what is 5 - 1b8469?
-1b8464
In base 12, what is -502 + -916?
-1218
In base 2, what is -1000101100000111001 + -1110010?
-1000101100010101011
In base 11, what is -349950 + -1?
-349951
In base 14, what is 31738d + 2?
317391
In base 8, what is 617 - -6024?
6643
In base 3, what is 1021200000 + 2122110?
1101022110
In base 4, what is 13322303010 - 321?
13322302023
In base 11, what is 79112 + 42?
79154
In base 4, what is -1 + 130103123033?
130103123032
In base 2, what is -10 - -1000110111101001100110?
1000110111101001100100
In base 16, what is 22 - 513e3?
-513c1
In base 15, what is 64a1d - -11?
64a2e
In base 16, what is -59c74e + -3?
-59c751
In base 9, what is 54847 + -2602?
52245
In base 11, what is 22909022 - -5?
22909027
In base 15, what is -56c + -39cc?
-4049
In base 8, what is 16356 - 113251?
-74673
In base 7, what is 1510 + -22461211?
-22456401
In base 3, what is 21000011 + -110001101?
-12001020
In base 9, what is -31104 - -437?
-30556
In base 9, what is -1510 - -118063?
116453
In base 12, what is 7 - -157ba41b?
157ba426
In base 4, what is -103210 - 123002330?
-123112200
In base 6, what is 5 + 433221125?
433221134
In base 4, what is 2232103 + 20121?
2312230
In base 7, what is 14 - 2043153?
-2043136
I